2?
True
Does 29 divide 90393?
True
Is 161 a multiple of 82?
False
Is 1176 a multiple of 98?
True
Is 6 a factor of 681?
False
Does 20 divide 891?
False
Is 130 a factor of 28104?
False
Is 3916 a multiple of 94?
False
Is 3159 a multiple of 27?
True
Does 4 divide 4793?
False
Does 32 divide 5760?
True
Does 18 divide 900?
True
Is 8 a factor of 1165?
False
Does 36 divide 137427?
False
Does 71 divide 12567?
True
Does 8 divide 5187?
False
Is 3 a factor of 45?
True
Does 18 divide 28800?
True
Does 9 divide 54?
True
Is 2220 a multiple of 45?
False
Does 29 divide 986?
True
Is 4800 a multiple of 40?
True
Is 32 a multiple of 8?
True
Is 1667 a multiple of 43?
False
Is 4 a factor of 1937?
False
Does 59 divide 6592?
False
Is 2739 a multiple of 21?
False
Is 2915 a multiple of 53?
True
Is 86 a factor of 3886?
False
Does 17 divide 22037?
False
Is 621 a multiple of 6?
False
Is 2393 a multiple of 44?
False
Does 27 divide 13635?
True
Is 77 a factor of 6741?
False
Is 11909 a multiple of 39?
False
Is 16 a factor of 143?
False
Is 2085 a multiple of 15?
True
Is 13 a factor of 4342?
True
Does 46 divide 506?
True
Does 15 divide 10560?
True
Does 67 divide 3283?
True
Is 1037 a multiple of 29?
False
Is 5200 a multiple of 100?
True
Is 1000 a multiple of 8?
True
Is 120 a multiple of 4?
True
Does 11 divide 11?
True
Is 22459 a multiple of 17?
False
Is 9 a factor of 12942?
True
Does 28 divide 6188?
True
Is 13581 a multiple of 9?
True
Is 36243 a multiple of 7?
False
Is 109 a factor of 9245?
False
Does 17 divide 25160?
True
Is 4423 a multiple of 9?
False
Does 31 divide 1209?
True
Is 206 a factor of 21424?
True
Does 52 divide 1196?
True
Does 47 divide 2215?
False
Is 184 a factor of 84994?
False
Is 45 a factor of 945?
True
Is 11 a factor of 561?
True
Does 50 divide 600?
True
Is 5449 a multiple of 107?
False
Does 75 divide 3043?
False
Does 46 divide 71300?
True
Is 202 a multiple of 20?
False
Is 11942 a multiple of 7?
True
Is 2556 a multiple of 81?
False
Is 573 a multiple of 66?
False
Is 62 a factor of 5551?
False
Is 210 a multiple of 3?
True
Is 10 a factor of 57899?
False
Does 25 divide 1225?
True
Does 13 divide 1312?
False
Is 6091 a multiple of 33?
False
Is 583 a multiple of 2?
False
Is 2 a factor of 1541?
False
Is 8190 a multiple of 2?
True
Is 355 a multiple of 5?
True
Is 33 a factor of 210?
False
Does 6 divide 42?
True
Is 448 a multiple of 2?
True
Is 82 a multiple of 7?
False
Does 28 divide 65520?
True
Does 63 divide 2236?
False
Does 13 divide 655?
False
Does 106 divide 20332?
False
Is 5322 a multiple of 21?
False
Is 152 a factor of 1643?
False
Is 1001 a multiple of 7?
True
Does 2 divide 727?
False
Does 41 divide 12177?
True
Is 13 a factor of 65?
True
Is 169 a multiple of 10?
False
Does 11 divide 3840?
False
Is 17 a factor of 973?
False
Is 154 a factor of 31925?
False
Is 928 a multiple of 58?
True
Is 11068 a multiple of 72?
False
Does 126 divide 16611?
False
Does 2 divide 4131?
False
Is 13 a factor of 147?
False
Is 844 a multiple of 27?
False
Is 23 a factor of 4821?
False
Is 48 a factor of 3648?
True
Is 37 a factor of 2664?
True
Does 6 divide 3552?
True
Is 31 a factor of 365?
False
Is 83 a factor of 7636?
True
Is 2608 a multiple of 163?
True
Is 1067 a multiple of 58?
False
Is 30 a factor of 39008?
False
Does 13 divide 2144?
False
Is 24100 a multiple of 25?
True
Is 975 a multiple of 25?
True
Does 11 divide 1529?
True
Does 9 divide 378?
True
Is 96 a factor of 784?
False
Is 300 a multiple of 20?
True
Is 2195 a multiple of 5?
True
Is 3923 a multiple of 74?
False
Is 10 a factor of 28135?
False
Is 404 a multiple of 6?
False
Is 73 a factor of 10147?
True
Is 864 a multiple of 24?
True
Is 309 a multiple of 14?
False
Does 7 divide 718?
False
Is 3 a factor of 176?
False
Is 218 a factor of 33136?
True
Is 42 a factor of 2520?
True
Is 20 a multiple of 2?
True
Does 411 divide 136452?
True
Is 60 a factor of 60?
True
Is 126 a multiple of 9?
True
Does 11 divide 81?
False
Does 52 divide 12688?
True
Is 55380 a multiple of 38?
False
Is 9275 a multiple of 7?
True
Is 392 a multiple of 49?
True
Is 334 a multiple of 4?
False
Is 30 a factor of 13802?
False
Is 1133 a multiple of 11?
True
Does 14 divide 264?
False
Does 7 divide 22080?
False
Does 3 divide 33?
True
Is 10 a factor of 420?
True
Does 19 divide 1114?
False
Is 53 a factor of 3062?
False
Is 5772 a multiple of 6?
True
Does 10 divide 13550?
True
Does 12 divide 185028?
True
Does 57 divide 15276?
True
Does 27 divide 1323?
True
Does 12 divide 6816?
True
Is 26460 a multiple of 135?
True
Is 2484 a multiple of 46?
True
Is 6 a factor of 1068?
True
Does 26 divide 10620?
False
Is 338 a factor of 7281?
False
Does 12 divide 17252?
False
Is 103 a factor of 14019?
False
Does 3 divide 324?
True
Does 39 divide 9710?
False
Is 4696 a multiple of 3?
False
Is 26 a factor of 12636?
True
Is 5245 a multiple of 9?
False
Is 2451 a multiple of 43?
True
Is 23 a factor of 5343?
False
Is 32 a factor of 3264?
True
Does 32 divide 5399?
False
Is 25 a factor of 17375?
True
Is 140 a multiple of 35?
True
Does 155 divide 7065?
False
Is 23551 a multiple of 31?
False
Is 39 a factor of 30498?
True
Does 24 divide 876?
False
Does 6 divide 30?
True
Is 24 a factor of 1604?
False
Does 53 divide 2650?
True
Does 14 divide 16491?
False
Is 26 a factor of 2308?
False
Does 7 divide 692?
False
Does 38 divide 3608?
False
Is 7178 a multiple of 7?
False
Does 20 divide 18540?
True
Does 13 divide 10829?
True
Is 374 a multiple of 34?
True
Is 322 a multiple of 37?
False
Does 133 divide 10241?
True
Is 522 a multiple of 37?
False
Is 959 a multiple of 13?
False
Is 28743 a multiple of 143?
True
Does 25 divide 10450?
True
Does 35 divide 17182?
False
Is 3 a factor of 57?
True
Does 10 divide 5000?
True
Does 86 divide 2924?
True
Is 15 a factor of 9015?
True
Is 7 a multiple of 2?
False
Is 40 a factor of 1759?
False
Is 2646 a multiple of 27?
True
Is 2570 a multiple of 5?
True
Is 1642 a multiple of 36?
False
Is 7427 a multiple of 27?
False
Is 220 a multiple of 2?
True
Is 9 a factor of 8316?
True
Does 9 divide 2777?
False
Is 18125 a multiple of 64?
False
Does 107 divide 4121?
False
Is 140 a factor of 3685?
False
Is 47593 a multiple of 91?
True
Is 4 a factor of 5883?
False
Is 1256 a multiple of 10?
False
Does 8 divide 2864?
True
Is 12 a factor of 2460?
True
Is 8 a factor of 112?
True
Is 922 a multiple of 21?
False
Does 30 divide 7125?
False
Is 38 a factor of 86184?
True
Does 11 divide 184?
False
Does 83 divide 2760?
False
Is 1449 a multiple of 8?
False
Is 8748 a multiple of 54?
True
Is 2 a factor of 17930?
True
Does 114 divide 3420?
True
Does 81 divide 3564?
True
Is 2520 a multiple of 72?
True
Does 13 divide 5235?
False
Does 11 divide 3903?
False
Does 3 divide 171?
True
Is 115 a factor of 305?
False
Is 21897 a multiple of 9?
True
Is 3223 a multiple of 74?
False
Is 11 a factor of 67816?
False
Is 17942 a multiple of 12?
False
Does 12 divide 145665?
False
Does 207 divide 64377?
True
Does 31 divide 2015?
True
Is 40 a factor of 11531?
False
Is 11 a factor of 10703?
True
Does 35 divide 140?
True
Does 13 divide 2379?
True
Does 8 divide 14609?
False
Is 4480 a multiple of 40?
True
Is 95 a factor of 6770?
False
Is 58 a factor of 2088?
True
Does 93 divide 10044?
True
Is 28 a factor of 16184?
True
Does 87 divide 4437?
True
Is 101 a factor of 10504?
True
Does 99 divide 10650?
False
Does 27 divide 862?
False
Is 1475 a multiple of 5?
True
Is 1679 a multiple of 13?
False
Is 79 a factor of 2289?
False
Is 463 a multiple of 31?
False
Does 58 divide 17014?
False
Is 67 a factor of 1139?
True
Does 46 divide 742?
False
Is 168 a multiple of 8?
True
Is 194 a factor of 23075?
False
Is 71 a factor of 840?
False
Does 55 divide 4907?
False
Is 8 a factor of 3256?
True
Is 11275 a multiple of 41?
True
Is 1026 a multiple of 23?
False
Is 202 a multiple of 54?
False
Is 128 a multiple of 10?
False
Is 5310 a multiple of 9?
True
Does 64 divide 20084?
False
Does 39 divide 102546?
False
Does 3 divide 75?
True
Is 10105 a multiple of 46?
False
Is 10 a factor of 830?
True
Is 2095 a multiple of 51?
False
Is 67 a factor of 1809?
True
Is 54 a factor of 9018?
True
Does 48 divide 1056?
True
Is 7 a factor of 1066?
False
Is 4300 a multiple of 7?
False
Is 20 a factor of 560?
True
Is 2 a factor of 7033?
False
Does 57 divide 108?
False
Does 4 divide 1244?
True
Is 66243